{"id":8376,"date":"2024-08-06T21:44:55","date_gmt":"2024-08-06T19:44:55","guid":{"rendered":"https:\/\/bebebio.ma\/?post_type=product&#038;p=8376"},"modified":"2024-08-06T21:46:31","modified_gmt":"2024-08-06T19:46:31","slug":"babymoov-cuillere-silicone-1er-age-peach","status":"publish","type":"product","link":"https:\/\/bebebio.ma\/index.php\/product\/babymoov-cuillere-silicone-1er-age-peach\/","title":{"rendered":"Babymoov Cuill\u00e8re Silicone 1er Age Peach"},"content":{"rendered":"<h4 style=\"text-align: center\">Babymoov Cuill\u00e8re Silicone 1er Age Peach<\/h4>\n<p>Babymoov Cuill\u00e8re Silicone 1er Age Peach est id\u00e9ale pour accompagner le d\u00e9but de la diversification alimentaire :<\/p>\n<ul>\n<li><strong>Souple et flexible<\/strong>, elle accompagne parfaitement votre b\u00e9b\u00e9 dans la transition vers les aliments solides<\/li>\n<li>Donnez les petites compotes et pur\u00e9es \u00e0 votre b\u00e9b\u00e9\u00a0<strong>en toute s\u00e9curit\u00e9<\/strong><\/li>\n<li><strong>Forme et taille<\/strong>\u00a0<strong>id\u00e9alement adapt\u00e9es<\/strong>\u00a0\u00e0 la bouche des b\u00e9b\u00e9s et soulagent leurs gencives<\/li>\n<li>Pratique pour un usage quotidien, passent au lave-vaisselle<\/li>\n<li>Garanties sans BPA, sans phtalates et sans PVC<\/li>\n<\/ul>\n<h4>Caract\u00e9ristiques techniques<\/h4>\n<ul>\n<li>Mati\u00e8re : Silicone<\/li>\n<li>Dimensions : 6 x 1,5 x 20 cm<\/li>\n<li>Poids : 0,03 kg<\/li>\n<\/ul>\n","protected":false},"excerpt":{"rendered":"<div class=\"std\">Les 1\u00e8res cuill\u00e8res de votre b\u00e9b\u00e9 !<\/div>\n<div class=\"extra-info\">\n<ul>\n<li>En silicone souple<\/li>\n<li>Garanti sans BPA<\/li>\n<\/ul>\n<\/div>\n","protected":false},"featured_media":8461,"comment_status":"open","ping_status":"closed","template":"","meta":[],"pwb-brand":[768],"product_brand":[],"product_cat":[190,156],"product_tag":[],"class_list":{"0":"post-8376","1":"product","2":"type-product","3":"status-publish","4":"has-post-thumbnail","6":"pwb-brand-babymoov","7":"product_cat-couverts","8":"product_cat-repas","10":"first","11":"outofstock","12":"sale","13":"taxable","14":"shipping-taxable","15":"purchasable","16":"product-type-simple"},"supplier_id":null,"supplier_sku":"","barcode":null,"atum_controlled":true,"out_stock_date":null,"out_stock_threshold":null,"inheritable":false,"inbound_stock":0,"stock_on_hold":0,"sold_today":0,"sales_last_days":0,"reserved_stock":0,"customer_returns":0,"warehouse_damage":0,"lost_in_post":0,"other_logs":0,"out_stock_days":0,"lost_sales":0,"has_location":false,"update_date":"2026-04-19T18:42:27","atum_locations":[],"atum_stock_status":"outofstock","restock_status":false,"low_stock_amount":"","sales_update_date":"2026-04-19T18:42:27","calc_backorders":null,"jetpack_sharing_enabled":true,"brands":[{"id":768,"name":"Babymoov","slug":"babymoov"}],"_links":{"self":[{"href":"https:\/\/bebebio.ma\/index.php\/wp-json\/wp\/v2\/product\/8376","targetHints":{"allow":["GET"]}}],"collection":[{"href":"https:\/\/bebebio.ma\/index.php\/wp-json\/wp\/v2\/product"}],"about":[{"href":"https:\/\/bebebio.ma\/index.php\/wp-json\/wp\/v2\/types\/product"}],"replies":[{"embeddable":true,"href":"https:\/\/bebebio.ma\/index.php\/wp-json\/wp\/v2\/comments?post=8376"}],"wp:featuredmedia":[{"embeddable":true,"href":"https:\/\/bebebio.ma\/index.php\/wp-json\/wp\/v2\/media\/8461"}],"wp:attachment":[{"href":"https:\/\/bebebio.ma\/index.php\/wp-json\/wp\/v2\/media?parent=8376"}],"wp:term":[{"taxonomy":"pwb-brand","embeddable":true,"href":"https:\/\/bebebio.ma\/index.php\/wp-json\/wp\/v2\/pwb-brand?post=8376"},{"taxonomy":"product_brand","embeddable":true,"href":"https:\/\/bebebio.ma\/index.php\/wp-json\/wp\/v2\/product_brand?post=8376"},{"taxonomy":"product_cat","embeddable":true,"href":"https:\/\/bebebio.ma\/index.php\/wp-json\/wp\/v2\/product_cat?post=8376"},{"taxonomy":"product_tag","embeddable":true,"href":"https:\/\/bebebio.ma\/index.php\/wp-json\/wp\/v2\/product_tag?post=8376"}],"curies":[{"name":"wp","href":"https:\/\/api.w.org\/{rel}","templated":true}]}}