{"id":8323,"date":"2024-08-06T21:44:10","date_gmt":"2024-08-06T19:44:10","guid":{"rendered":"https:\/\/bebebio.ma\/?post_type=product&#038;p=8323"},"modified":"2024-08-06T21:45:59","modified_gmt":"2024-08-06T19:45:59","slug":"badabulle-bavoir-soft-plastifie-rose","status":"publish","type":"product","link":"https:\/\/bebebio.ma\/index.php\/product\/badabulle-bavoir-soft-plastifie-rose\/","title":{"rendered":"Badabulle Bavoir soft plastifi\u00e9 Rose"},"content":{"rendered":"<div class=\"product-name\">\n<h4 style=\"text-align: center\">Badabulle Bavoir soft plastifi\u00e9 Rose<\/h4>\n<h4 class=\"std\"><a href=\"https:\/\/bebemaman.ma\/marque\/badabulle\/\" target=\"_blank\" rel=\"noopener\">Badabulle<\/a> Bavoir soft plastifi\u00e9 Rose rigolo et pratique !<\/h4>\n<div class=\"extra-info\">\n<ul>\n<li>Mati\u00e8re soft et douce<\/li>\n<li>Scratch soft pour attacher le bavoir tout en douceur<\/li>\n<li>Design fun et rigolo<\/li>\n<li>Nettoyage facile<\/li>\n<\/ul>\n<\/div>\n<p class=\"accrochstyle\">Le bavoir astucieux !<\/p>\n<\/div>\n<div class=\"short-description\">\n<div class=\"std\">\n<ul>\n<li>Bavoir plastifi\u00e9 pour faciliter le nettoyage<\/li>\n<\/ul>\n<ul>\n<li>Ajustable : fermeture par scratch soft pour attacher le bavoir tout en douceur<\/li>\n<\/ul>\n<h4>Marque :<\/h4>\n<div>\n<p>Depuis plus de 13 ans, Badabulle d\u00e9veloppe des produits qui simplifient vraiment votre quotidien !<\/p>\n<p>Pour y arriver, ils sont au coeur des familles. Badabulle cr\u00e9e\u00a0les collections de demain avec vous, les parents, lors des ateliers \u00ab dr\u00f4lement fut\u00e9s \u00bb ! Entre inqui\u00e9tude, fatigue et admiration de votre Bout\u2019choux, sans tabou, une communication fluide est alors instaur\u00e9e! Gr\u00e2ce \u00e0 cette collaboration, les\u00a0<strong>produits Badabulle sont dr\u00f4lement pratiques, terriblement astucieux et 100% color\u00e9s<\/strong>.<br \/>\nTr\u00e8s attentives \u00e0 vos pr\u00e9occupations, la marque sait\u00a0qu\u2019avant toute chose, ils doivent vous garantir qualit\u00e9 et fiabilit\u00e9. Mais ne c\u00e9dons pas \u00e0 la morosit\u00e9 ! Car chez Badabulle, on aime\u00a0la couleur, le peps et l\u2019audace; leurs produits en sont la preuve.<\/p>\n<p><strong>Leur engagement : vous permettre de vous faire plaisir en toute confiance sans vous ruiner !<\/strong><\/p>\n<p>Parmi les objets de pu\u00e9riculture Badabulle rigolos et astucieux, retrouvez diff\u00e9rents articles de vaisselle comme le premier coffret repas, compos\u00e9 de deux assiettes, d\u2019un verre en plastique et de couverts. Retrouvez aussi des lots de cuill\u00e8res souples et douces, con\u00e7ues pour la bouche d\u00e9licate du nourrisson, des tasses anti-fuite ou encore des assiettes pouvant passer au micro-ondes. Vous pourrez \u00e9galement transporter en balade le nombre de doses de lait dont vous avez besoin ou le repas de B\u00e9b\u00e9 gr\u00e2ce aux pots de conservation Babydose.<\/p>\n<p>Parmi les accessoires Badabulle malins, laissez-vous tenter par le chauffe-biberon nomade dont vous ne pourrez plus vous passer en voyage, ou encore le mobile de voiture qui permet \u00e0 votre enfant de s\u2019amuser et se d\u00e9tendre pendant les longs trajets.<\/p>\n<p>Et si vous cherchez une fa\u00e7on d\u2019\u00e9veiller votre enfant, vous pouvez opter pour l\u2019arche Badabulle de laquelle pendent divers petits objets comme des miroirs ou des peluches.<br \/>\nEnfin, pour sa s\u00e9curit\u00e9, la marque propose diff\u00e9rentes barri\u00e8res de s\u00e9curit\u00e9 \u00e0 installer en haut des escaliers pour \u00e9viter que l\u2019enfant ne tombe.<\/p>\n<\/div>\n<\/div>\n<\/div>\n","protected":false},"excerpt":{"rendered":"<h3 class=\"product-name\"><span style=\"font-size: 16px\">Le bavoir astucieux !<\/span><\/h3>\n<div id=\"short_description_block\">\n<div id=\"short_description_content\" class=\"rte align_justify\">\n<div class=\"short-description\">\n<div class=\"std\">\n<p>Bavoir plastifi\u00e9 pour faciliter le nettoyage<\/p>\n<p>Ajustable : fermeture par scratch soft pour attacher le bavoir tout en douceur<\/p>\n<\/div>\n<\/div>\n<\/div>\n<\/div>\n<div id=\"short_description_block\">\n<div id=\"short_description_content\" class=\"rte align_justify\">\n<p style=\"text-align: right\"><img decoding=\"async\" class=\"alignnone wp-image-1378\" src=\"https:\/\/bebemaman.ma\/wp-content\/uploads\/2020\/06\/dababulle-logo-360x117.png\" alt=\"\" width=\"105\" height=\"34\" \/><\/p>\n<\/div>\n<\/div>\n","protected":false},"featured_media":8408,"comment_status":"open","ping_status":"closed","template":"","meta":[],"pwb-brand":[776],"product_brand":[],"product_cat":[192,156],"product_tag":[181,193],"class_list":{"0":"post-8323","1":"product","2":"type-product","3":"status-publish","4":"has-post-thumbnail","6":"pwb-brand-badabulle","7":"product_cat-bavoirs","8":"product_cat-repas","9":"product_tag-badabulle","10":"product_tag-bavoirs","12":"first","13":"instock","14":"taxable","15":"shipping-taxable","16":"purchasable","17":"product-type-simple"},"supplier_id":null,"supplier_sku":"","barcode":null,"atum_controlled":true,"out_stock_date":null,"out_stock_threshold":null,"inheritable":false,"inbound_stock":null,"stock_on_hold":0,"sold_today":0,"sales_last_days":0,"reserved_stock":null,"customer_returns":null,"warehouse_damage":null,"lost_in_post":null,"other_logs":null,"out_stock_days":0,"lost_sales":0,"has_location":null,"update_date":"2026-04-16T11:45:54","atum_locations":[],"atum_stock_status":"instock","restock_status":false,"low_stock_amount":"","sales_update_date":"2026-04-16T11:45:54","calc_backorders":null,"jetpack_sharing_enabled":true,"brands":[{"id":776,"name":"Badabulle","slug":"badabulle"}],"_links":{"self":[{"href":"https:\/\/bebebio.ma\/index.php\/wp-json\/wp\/v2\/product\/8323","targetHints":{"allow":["GET"]}}],"collection":[{"href":"https:\/\/bebebio.ma\/index.php\/wp-json\/wp\/v2\/product"}],"about":[{"href":"https:\/\/bebebio.ma\/index.php\/wp-json\/wp\/v2\/types\/product"}],"replies":[{"embeddable":true,"href":"https:\/\/bebebio.ma\/index.php\/wp-json\/wp\/v2\/comments?post=8323"}],"wp:featuredmedia":[{"embeddable":true,"href":"https:\/\/bebebio.ma\/index.php\/wp-json\/wp\/v2\/media\/8408"}],"wp:attachment":[{"href":"https:\/\/bebebio.ma\/index.php\/wp-json\/wp\/v2\/media?parent=8323"}],"wp:term":[{"taxonomy":"pwb-brand","embeddable":true,"href":"https:\/\/bebebio.ma\/index.php\/wp-json\/wp\/v2\/pwb-brand?post=8323"},{"taxonomy":"product_brand","embeddable":true,"href":"https:\/\/bebebio.ma\/index.php\/wp-json\/wp\/v2\/product_brand?post=8323"},{"taxonomy":"product_cat","embeddable":true,"href":"https:\/\/bebebio.ma\/index.php\/wp-json\/wp\/v2\/product_cat?post=8323"},{"taxonomy":"product_tag","embeddable":true,"href":"https:\/\/bebebio.ma\/index.php\/wp-json\/wp\/v2\/product_tag?post=8323"}],"curies":[{"name":"wp","href":"https:\/\/api.w.org\/{rel}","templated":true}]}}