{"id":8322,"date":"2024-08-06T21:44:10","date_gmt":"2024-08-06T19:44:10","guid":{"rendered":"https:\/\/bebebio.ma\/?post_type=product&#038;p=8322"},"modified":"2024-08-06T21:45:56","modified_gmt":"2024-08-06T19:45:56","slug":"badabulle-doseur-de-lait-empilable-babydose-bleu","status":"publish","type":"product","link":"https:\/\/bebebio.ma\/index.php\/product\/badabulle-doseur-de-lait-empilable-babydose-bleu\/","title":{"rendered":"Badabulle Doseur de lait empilable Babydose bleu"},"content":{"rendered":"<div id=\"rowProductDesc\" class=\"card\">\n<div id=\"collapseArtThree\" class=\"collapse show\" aria-labelledby=\"headingThree\" data-parent=\"#accordionFicheArt\">\n<div class=\"card-body\">\n<div class=\"row\">\n<div id=\"descriptionProduit\" class=\"col-md-12 col-sm-12 col-xs-12 text-justify\">\n<p style=\"text-align: center\"><strong>Badabulle Doseur de lait empilable Babydose bleu<\/strong><\/p>\n<p>D\u00e9couvrez les <strong>boites doseuses de lait<\/strong>\u00a0Babydose de la marque\u00a0<strong>Badabulle<\/strong>. Id\u00e9ales pour pr\u00e9parer \u00e0 l&#8217;avance les doses de lait en poudre pour b\u00e9b\u00e9. Ces Babydoses 100%\u00a0<strong>herm\u00e9tiques\u00a0<\/strong>sont\u00a0<strong>st\u00e9rilisables<\/strong>. Pratique pour les week-end hors de la maison.<\/p>\n<h4>Quels sont les points forts du produit ?<\/h4>\n<ul>\n<li>Dosage facilit\u00e9<\/li>\n<li>Doses empilables et interchangeables<\/li>\n<li>Doses st\u00e9rilisables<\/li>\n<\/ul>\n<h4>Quelles sont les caract\u00e9ristiques du Babydose ?<\/h4>\n<p>Pour doser facilement le lait en poudre pour les biberons et repas de b\u00e9b\u00e9 pensez aux\u00a0babydoses de Badabulle. 4 compartiments empilables dans\u00a0lesquels vous pourrez pr\u00e9parer \u00e0 l&#8217;avance les repas. Pratiques, elles s&#8217;emportent partout en week-end, chez la nounou ou au cours de vos autres d\u00e9placements.<\/p>\n<h4>Quelles sont les sp\u00e9cificit\u00e9s du babydose de Badabulle ?<\/h4>\n<p>100% herm\u00e9tiques<br \/>\nColoris : Bleu<\/p>\n<p>Badabulle Doseur de lait empilable Babydose bleu<\/p>\n<\/div>\n<\/div>\n<\/div>\n<\/div>\n<\/div>\n<div class=\"card\">\n<div id=\"collapseArtTwo\" class=\"collapse show\" aria-labelledby=\"headingTwo\" data-parent=\"#accordionFicheArt\">\n<div class=\"card-body\">\n<div class=\"row\">\n<div id=\"descriptionProduit\" class=\"col-md-12 col-sm-12 col-xs-12 text-justify\">\n<div class=\"widget \">\n<div>\n<div class=\"header\"><\/div>\n<\/div>\n<\/div>\n<\/div>\n<\/div>\n<\/div>\n<\/div>\n<\/div>\n","protected":false},"excerpt":{"rendered":"<h3 class=\"product-name\">Doseur de lait empilable Babydose bleu<\/h3>\n<div id=\"short_description_block\">\n<div id=\"short_description_content\" class=\"rte align_justify\">\n<p style=\"text-align: right\"><img decoding=\"async\" class=\"alignnone wp-image-1378\" src=\"https:\/\/bebemaman.ma\/wp-content\/uploads\/2020\/06\/dababulle-logo-360x117.png\" alt=\"Logo badabulle - bebemaman.ma\" width=\"105\" height=\"34\" \/><\/p>\n<\/div>\n<\/div>\n<div class=\"ms-editor-squiggler\" style=\"color: initial;font: initial;aspect-ratio: initial;background: initial;background-blend-mode: initial;border: initial;border-radius: initial;border-collapse: initial;caption-side: initial;clear: initial;columns: initial;column-fill: initial;gap: initial;column-rule: initial;column-span: initial;cursor: initial;filter: initial;flex: initial;flex-flow: initial;float: initial;height: 0px;letter-spacing: initial;margin: initial;max-height: initial;max-width: initial;min-height: initial;min-width: initial;object-fit: initial;object-position: initial;overflow: initial;padding: initial;position: initial;text-align: initial;text-decoration: initial;text-indent: initial;text-transform: initial;vertical-align: initial;border-spacing: initial;width: initial;z-index: initial\"><\/div>\n","protected":false},"featured_media":8407,"comment_status":"open","ping_status":"closed","template":"","meta":[],"pwb-brand":[776],"product_brand":[],"product_cat":[111,136],"product_tag":[],"class_list":{"0":"post-8322","1":"product","2":"type-product","3":"status-publish","4":"has-post-thumbnail","6":"pwb-brand-badabulle","7":"product_cat-alimentation","8":"product_cat-doseurs-de-lait","10":"first","11":"instock","12":"sale","13":"taxable","14":"shipping-taxable","15":"purchasable","16":"product-type-simple"},"supplier_id":null,"supplier_sku":"","barcode":null,"atum_controlled":true,"out_stock_date":null,"out_stock_threshold":null,"inheritable":false,"inbound_stock":null,"stock_on_hold":0,"sold_today":0,"sales_last_days":0,"reserved_stock":null,"customer_returns":null,"warehouse_damage":null,"lost_in_post":null,"other_logs":null,"out_stock_days":0,"lost_sales":0,"has_location":null,"update_date":"2026-04-18T12:47:14","atum_locations":[],"atum_stock_status":"instock","restock_status":false,"low_stock_amount":"","sales_update_date":"2026-04-18T12:47:14","calc_backorders":null,"jetpack_sharing_enabled":true,"brands":[{"id":776,"name":"Badabulle","slug":"badabulle"}],"_links":{"self":[{"href":"https:\/\/bebebio.ma\/index.php\/wp-json\/wp\/v2\/product\/8322","targetHints":{"allow":["GET"]}}],"collection":[{"href":"https:\/\/bebebio.ma\/index.php\/wp-json\/wp\/v2\/product"}],"about":[{"href":"https:\/\/bebebio.ma\/index.php\/wp-json\/wp\/v2\/types\/product"}],"replies":[{"embeddable":true,"href":"https:\/\/bebebio.ma\/index.php\/wp-json\/wp\/v2\/comments?post=8322"}],"wp:featuredmedia":[{"embeddable":true,"href":"https:\/\/bebebio.ma\/index.php\/wp-json\/wp\/v2\/media\/8407"}],"wp:attachment":[{"href":"https:\/\/bebebio.ma\/index.php\/wp-json\/wp\/v2\/media?parent=8322"}],"wp:term":[{"taxonomy":"pwb-brand","embeddable":true,"href":"https:\/\/bebebio.ma\/index.php\/wp-json\/wp\/v2\/pwb-brand?post=8322"},{"taxonomy":"product_brand","embeddable":true,"href":"https:\/\/bebebio.ma\/index.php\/wp-json\/wp\/v2\/product_brand?post=8322"},{"taxonomy":"product_cat","embeddable":true,"href":"https:\/\/bebebio.ma\/index.php\/wp-json\/wp\/v2\/product_cat?post=8322"},{"taxonomy":"product_tag","embeddable":true,"href":"https:\/\/bebebio.ma\/index.php\/wp-json\/wp\/v2\/product_tag?post=8322"}],"curies":[{"name":"wp","href":"https:\/\/api.w.org\/{rel}","templated":true}]}}