{"id":8265,"date":"2024-08-06T21:42:01","date_gmt":"2024-08-06T19:42:01","guid":{"rendered":"https:\/\/bebebio.ma\/?post_type=product&#038;p=8265"},"modified":"2024-08-06T21:45:40","modified_gmt":"2024-08-06T19:45:40","slug":"neutraderm-baby-gel-nettoyant-douceur-3-en-1-400ml","status":"publish","type":"product","link":"https:\/\/bebebio.ma\/index.php\/product\/neutraderm-baby-gel-nettoyant-douceur-3-en-1-400ml\/","title":{"rendered":"Neutraderm Baby Gel nettoyant douceur 3 en 1 &#8211; 400ml"},"content":{"rendered":"<h4 style=\"text-align: center;\"><span style=\"color: #ff0000;\">NEUTRADERM BABY GEL NETTOYANT DOUCEUR 3 EN 1 &#8211; 400 ML<\/span><\/h4>\n<p>Le gel nettoyant Neutraderm Baby Gel douceur 3 en 1 des Laboratoires Gilbert a \u00e9t\u00e9 con\u00e7u sp\u00e9cifiquement pour prendre le plus grand soin de la peau, des cheveux et du cuir chevelu des b\u00e9b\u00e9s. Sa\u00a0formule haute tol\u00e9rance\u00a0est\u00a0con\u00e7ue pour les\u00a0peaux sensibles\u00a0et ne pique pas les yeux.<\/p>\n<p>Ce gel nettoyant contient l&#8217;actif naturel brevet\u00e9 Active Oligo Skin Complex issu de l&#8217;eau d&#8217;Iroise, riche en min\u00e9raux et en oligo-\u00e9lements. Cet actif naturel\u00a0respecte le microbiome\u00a0de la peau,\u00a0apaise,\u00a0remin\u00e9ralise\u00a0et\u00a0reconstitue la barri\u00e8re cutan\u00e9e.<\/p>\n<p>La\u00a0texture ultra douce\u00a0du gel douceur\u00a0Neutraderm Baby 3 en 1\u00a0procure une v\u00e9ritable sensation de caresse sur la peau qui transformera le bain en un moment privil\u00e9gi\u00e9 de tendresse et de bienveillance. Pour faciliter le nettoyage, ce gel lavant se rince tr\u00e8s facilement et laisse une peau douce et d\u00e9licatement parfum\u00e9e et des\u00a0cheveux soyeux\u00a0et faciles \u00e0 coiffer.<\/p>\n<p><strong>DESCRIPTION:<\/strong><\/p>\n<p>Avec sa formule Haute tol\u00e9rance<sup>(1)\u00a0<\/sup>extra douce, Le Gel Nettoyant Douceur 3 en 1 mousse et se rince facilement. Il prot\u00e8ge la peau d\u00e9licate et le cuir chevelu. La peau de b\u00e9b\u00e9 est propre, adoucie et d\u00e9licatement parfum\u00e9e. Les cheveux sont doux et soyeux, faciles \u00e0 d\u00e9m\u00ealer. Compense les effets dess\u00e9chants du bain.<\/p>\n<p>97% d\u2019<strong>ingr\u00e9dients biod\u00e9gradables<\/strong>.<br \/>\n100%\u00a0<strong>Respecte la peau de b\u00e9b\u00e9<\/strong><sup>(2)<\/sup>.<br \/>\nTest\u00e9 sous contr\u00f4le p\u00e9diatrique.<br \/>\nD\u00e8s la naissance.<\/p>\n<p>Conseil d\u2019utilisation : Verser dans la main. Laver le corps et le cuir chevelu en faisant mousser.<\/p>\n<p>Test d\u2019efficacit\u00e9 :<br \/>\n100% Respecte la peau de b\u00e9b\u00e9<sup>(2)<\/sup>.<br \/>\nEvite les rougeurs et irritations : 100%<sup>(2)<\/sup>.<\/p>\n<p><strong>Brevets ACTIVE OLIGO SKIN COMPLEX<sup>(3)<\/sup>\u00a0\u2013 Respecte le microbiome cutan\u00e9.<\/strong><br \/>\nNotre<strong>\u00a0actif naturel brevet\u00e9, l\u2019Active Oligo Skin Complex<\/strong>, apaise, remin\u00e9ralise et restructure la peau. Issu de l\u2019eau d\u2019Iroise et fortement concentr\u00e9 en min\u00e9raux et oligo-\u00e9l\u00e9ments, il restaure la barri\u00e8re cutan\u00e9e et maintient l\u2019\u00e9quilibre du microbiome de la peau.<\/p>\n<p><strong>MODE D&#8217;EMPLOI:<\/strong><\/p>\n<p>Usage externe<br \/>\nVersez dans la main.<br \/>\nLavez le corps et le cuir chevelu en faisant mousser.<br \/>\nRincez.<br \/>\n\u00c9vitez le contact avec les yeux. En cas de contact, rincez abondamment \u00e0 l&#8217;eau claire.<br \/>\nA conserver \u00e0 l&#8217;abri de la lumi\u00e8re et de la chaleur.<\/p>\n<p>&nbsp;<\/p>\n<div class=\"ms-editor-squiggler\" style=\"color: initial; font: initial; background: initial; background-blend-mode: initial; border: initial; border-radius: initial; border-collapse: initial; caption-side: initial; clear: initial; columns: initial; column-fill: initial; column-rule: initial; column-span: initial; cursor: initial; filter: initial; flex: initial; flex-flow: initial; float: initial; height: 0px; letter-spacing: initial; margin: initial; max-height: initial; max-width: initial; min-height: initial; min-width: initial; object-position: initial; overflow: initial; padding: initial; text-align: initial; text-decoration: initial; text-indent: initial; text-transform: initial; vertical-align: initial; border-spacing: initial; width: initial;\"><\/div>\n","protected":false},"excerpt":{"rendered":"<p>[Peaux sensibles]<\/p>\n<div class=\"product-use\">Visage, corps &amp; cheveux<\/div>\n<div class=\"woocommerce-product-details__short-description\">\n<ul>\n<li>Formule haute tol\u00e9rance<sup>(1)<\/sup>.<\/li>\n<li>Extra doux, mousse et se rince facilement.<\/li>\n<li>Prot\u00e8ge la peau et le cuir chevelu d\u00e9licat de b\u00e9b\u00e9<\/li>\n<\/ul>\n<p><a href=\"https:\/\/bebemaman.ma\/wp-content\/uploads\/2020\/06\/picto_10.png\"><img decoding=\"async\" class=\"alignnone wp-image-4500\" src=\"https:\/\/bebemaman.ma\/wp-content\/uploads\/2020\/06\/picto_10.png\" alt=\"\" width=\"100\" height=\"94\" \/><\/a> <a href=\"https:\/\/bebemaman.ma\/wp-content\/uploads\/2020\/06\/picto-glycerine.png\"><img decoding=\"async\" class=\"alignnone wp-image-4501\" src=\"https:\/\/bebemaman.ma\/wp-content\/uploads\/2020\/06\/picto-glycerine.png\" alt=\"\" width=\"100\" height=\"94\" \/><\/a> <a href=\"https:\/\/bebemaman.ma\/wp-content\/uploads\/2020\/06\/picto-tensio-actifs.png\"><img decoding=\"async\" class=\"alignnone wp-image-4502\" src=\"https:\/\/bebemaman.ma\/wp-content\/uploads\/2020\/06\/picto-tensio-actifs.png\" alt=\"\" width=\"100\" height=\"95\" \/><\/a><\/p>\n<\/div>\n<p><img loading=\"lazy\" decoding=\"async\" class=\"wp-image-1551 alignright\" src=\"https:\/\/bebemaman.ma\/wp-content\/uploads\/2020\/06\/a7362a3992d61c8626fcba89772a9169_1453218766.png\" alt=\"\" width=\"107\" height=\"36\" \/><\/p>\n<div class=\"ms-editor-squiggler\" style=\"color: initial; font: initial; background: initial; background-blend-mode: initial; border: initial; border-radius: initial; border-collapse: initial; caption-side: initial; clear: initial; columns: initial; column-fill: initial; column-rule: initial; column-span: initial; cursor: initial; filter: initial; flex: initial; flex-flow: initial; float: initial; height: 0px; letter-spacing: initial; margin: initial; max-height: initial; max-width: initial; min-height: initial; min-width: initial; object-position: initial; overflow: initial; padding: initial; text-align: initial; text-decoration: initial; text-indent: initial; text-transform: initial; vertical-align: initial; border-spacing: initial; width: initial;\"><\/div>\n<div class=\"ms-editor-squiggler\" style=\"color: initial; font: initial; background: initial; background-blend-mode: initial; border: initial; border-radius: initial; border-collapse: initial; caption-side: initial; clear: initial; columns: initial; column-fill: initial; column-rule: initial; column-span: initial; cursor: initial; filter: initial; flex: initial; flex-flow: initial; float: initial; height: 0px; letter-spacing: initial; margin: initial; max-height: initial; max-width: initial; min-height: initial; min-width: initial; object-position: initial; overflow: initial; padding: initial; text-align: initial; text-decoration: initial; text-indent: initial; text-transform: initial; vertical-align: initial; border-spacing: initial; width: initial;\"><\/div>\n","protected":false},"featured_media":8391,"comment_status":"open","ping_status":"closed","template":"","meta":[],"pwb-brand":[741,780],"product_brand":[],"product_cat":[758,246,64,75,748],"product_tag":[76,188,78],"class_list":{"0":"post-8265","1":"product","2":"type-product","3":"status-publish","4":"has-post-thumbnail","6":"pwb-brand-gilbert","7":"pwb-brand-neutraderm","8":"product_cat-cheveux-corps-soins","9":"product_cat-neutraderm-choix-par-gamme","10":"product_cat-para-bebe","11":"product_cat-promos","12":"product_cat-soins","13":"product_tag-gilbert","14":"product_tag-neutraderm","15":"product_tag-para","17":"first","18":"instock","19":"sale","20":"taxable","21":"shipping-taxable","22":"purchasable","23":"product-type-simple"},"supplier_id":null,"supplier_sku":"","barcode":null,"atum_controlled":true,"out_stock_date":null,"out_stock_threshold":null,"inheritable":false,"inbound_stock":null,"stock_on_hold":0,"sold_today":0,"sales_last_days":0,"reserved_stock":null,"customer_returns":null,"warehouse_damage":null,"lost_in_post":null,"other_logs":null,"out_stock_days":0,"lost_sales":0,"has_location":null,"update_date":"2026-04-18T12:47:14","atum_locations":[],"atum_stock_status":"instock","restock_status":false,"low_stock_amount":"","sales_update_date":"2026-04-18T12:47:14","calc_backorders":null,"jetpack_sharing_enabled":true,"brands":[{"id":741,"name":"Gilbert","slug":"gilbert"},{"id":780,"name":"Neutraderm","slug":"neutraderm"}],"_links":{"self":[{"href":"https:\/\/bebebio.ma\/index.php\/wp-json\/wp\/v2\/product\/8265","targetHints":{"allow":["GET"]}}],"collection":[{"href":"https:\/\/bebebio.ma\/index.php\/wp-json\/wp\/v2\/product"}],"about":[{"href":"https:\/\/bebebio.ma\/index.php\/wp-json\/wp\/v2\/types\/product"}],"replies":[{"embeddable":true,"href":"https:\/\/bebebio.ma\/index.php\/wp-json\/wp\/v2\/comments?post=8265"}],"wp:featuredmedia":[{"embeddable":true,"href":"https:\/\/bebebio.ma\/index.php\/wp-json\/wp\/v2\/media\/8391"}],"wp:attachment":[{"href":"https:\/\/bebebio.ma\/index.php\/wp-json\/wp\/v2\/media?parent=8265"}],"wp:term":[{"taxonomy":"pwb-brand","embeddable":true,"href":"https:\/\/bebebio.ma\/index.php\/wp-json\/wp\/v2\/pwb-brand?post=8265"},{"taxonomy":"product_brand","embeddable":true,"href":"https:\/\/bebebio.ma\/index.php\/wp-json\/wp\/v2\/product_brand?post=8265"},{"taxonomy":"product_cat","embeddable":true,"href":"https:\/\/bebebio.ma\/index.php\/wp-json\/wp\/v2\/product_cat?post=8265"},{"taxonomy":"product_tag","embeddable":true,"href":"https:\/\/bebebio.ma\/index.php\/wp-json\/wp\/v2\/product_tag?post=8265"}],"curies":[{"name":"wp","href":"https:\/\/api.w.org\/{rel}","templated":true}]}}