{"id":8030,"date":"2024-08-06T21:37:05","date_gmt":"2024-08-06T19:37:05","guid":{"rendered":"https:\/\/bebebio.ma\/?post_type=product&#038;p=8030"},"modified":"2024-08-06T21:38:49","modified_gmt":"2024-08-06T19:38:49","slug":"lansinoh-coussinets-dallaitement-jetables-60-pcs","status":"publish","type":"product","link":"https:\/\/bebebio.ma\/index.php\/product\/lansinoh-coussinets-dallaitement-jetables-60-pcs\/","title":{"rendered":"Lansinoh Coussinets d&#8217;allaitement Jetables 60 pcs"},"content":{"rendered":"<p style=\"text-align: center;\"><strong>\u00a0Lansinoh Coussinets d&#8217;allaitement Jetables 60 pcs<\/strong><\/p>\n<p>Toutes les mamans sont diff\u00e9rentes. Nous avons donc cr\u00e9\u00e9 un coussinet jetable qui prend la forme du corps et absorbe le lait efficacement pour qu\u2019elles restent au sec et pour assurer une protection maximale jour et nuit.<\/p>\n<div>\u00a0<strong>Lansinoh<\/strong> <strong>Coussinets d&#8217;allaitement Jetables 60 pcs<\/strong> Blue Lock\u00ae sont ultra-fins, confortables et ultra-absorbants.<\/div>\n<div>Leur technologie brevet\u00e9e Blue Lock\u00ae leur permet d\u2019absorber jusqu\u2019\u00e0 20 fois leur volume. Ils vous gardent au sec afin de pr\u00e9venir des complications qui peuvent survenir pendant l\u2019allaitement et le contact du sein \u00e0 l\u2019humidit\u00e9.<\/div>\n<div>Leur voile \u00e9tanche et perm\u00e9able \u00e0 l\u2019air, positionn\u00e9 sur la face arri\u00e8re du coussinet, permet de renforcer leur \u00e9tanch\u00e9it\u00e9.<\/div>\n<div>Le voile doux, situ\u00e9 sur la surface avant du coussinet, assure confort et absorption optimale.<\/div>\n<div>Les coussinets d\u2019allaitement Lansinoh\u00ae Blue Lock\u00ae sont faits d\u2019un polym\u00e8re qui garde sa forme m\u00eame lorsqu\u2019il est mouill\u00e9 et restent invisibles sous vos v\u00eatements.<\/div>\n<div>Les deux bandes adh\u00e9sives maintiennent les coussinets en place pour une discr\u00e9tion parfaite. Emball\u00e9s individuellement pour plus d\u2019hygi\u00e8ne et de praticit\u00e9 \u2013 vous pouvez les glisser ni vu ni connu dans votre sac \u00e0 main!<\/div>\n<div>\n<ul>\n<li>Ultra-absorbant gr\u00e2ce \u00e0 la technologie BlueLock qui peut absorber jusqu\u2019\u00e0 20 fois le volume du coussinet<\/li>\n<li>Ultra mince pour une discr\u00e9tion parfaite<\/li>\n<li>Surface respirante avec une grande douceur pour un confort optimal tout en s\u2019assurant que vos v\u00eatements restent secs<\/li>\n<li>\u00a02 bandes adh\u00e9sives pour maintenir le coussinet en place<\/li>\n<li>Emball\u00e9 individuellement pour l\u2019hygi\u00e8ne et la commodit\u00e9<\/li>\n<li>Convient \u00e0 toutes les tailles de poitrine<\/li>\n<li>Sans BPA ou BPS<\/li>\n<\/ul>\n<\/div>\n<h4>Caract\u00e9ristiques du produit:<\/h4>\n<ul>\n<li>La composition du polym\u00e8re permet une absorption optimale de l\u2019\u00e9coulement du lait et des fuites au centre du coussinet<\/li>\n<li>Discret, ultra-fin et d\u00e9coup\u00e9 pour excellent confort<\/li>\n<li>Le coussinet offre une surface respirable, d\u2019une grande douceur pour un confort optimal<\/li>\n<li>Une doublure \u00e9tanche garde les v\u00eatements au sec jour et nuit<\/li>\n<li>Con\u00e7u pour maintenir sa forme initiale, pas de peluches ni d\u00e9fauts<\/li>\n<li>Deux bandes adh\u00e9sives qui maintiennent le coussinet en place<\/li>\n<li>Emball\u00e9s de fa\u00e7on hygi\u00e9niques Emball\u00e9s de fa\u00e7on hygi\u00e9niques pour assurer une facilit\u00e9 optimale d\u2019utilisation<\/li>\n<\/ul>\n<div>\n<p><a href=\"https:\/\/www.youtube.com\/watch?v=O56SFIidnmY\" target=\"_blank\" rel=\"noopener noreferrer\">Coussinets d&#8217;allaitement Lansinoh<\/a><\/p>\n<p><a href=\"https:\/\/bebemaman.ma\/produit\/parabebemaman\/maman\/soins-mamelons\/lansinoh-hpa-lanoline-creme-mamelon-40ml\/\" target=\"_blank\" rel=\"noopener\">Lansinoh\u00ae Cr\u00e8me Mamelons Lanoline \u2013 40ml<\/a><\/p>\n<\/div>\n","protected":false},"excerpt":{"rendered":"<p>Pr\u00e9viennent des complications qui pourraient \u00eatre caus\u00e9es par un contact humide avec le sein.<\/p>\n<p style=\"text-align: right;\"><a href=\"https:\/\/bebemaman.ma\/wp-content\/uploads\/2020\/06\/Lansinoh_logo_300dpi_1000x1000_3520b3e1-c703-4127-a57f-8a84e675f13d.png\"><img decoding=\"async\" class=\"alignnone wp-image-1012\" src=\"https:\/\/bebemaman.ma\/wp-content\/uploads\/2020\/06\/Lansinoh_logo_300dpi_1000x1000_3520b3e1-c703-4127-a57f-8a84e675f13d-360x108.png\" alt=\"\" width=\"107\" height=\"32\" \/><\/a><\/p>\n","protected":false},"featured_media":8136,"comment_status":"open","ping_status":"closed","template":"","meta":[],"pwb-brand":[767],"product_brand":[],"product_cat":[127,120,135,64,129,130],"product_tag":[],"class_list":{"0":"post-8030","1":"product","2":"type-product","3":"status-publish","4":"has-post-thumbnail","6":"pwb-brand-lansinoh","7":"product_cat-accessoires-de-soin-dallaitement","8":"product_cat-allaitement","9":"product_cat-lansinoh-choix-par-gamme-para-bebe","10":"product_cat-para-bebe","11":"product_cat-para-maman","12":"product_cat-soin-mamelons","14":"first","15":"instock","16":"sale","17":"taxable","18":"shipping-taxable","19":"purchasable","20":"product-type-simple"},"supplier_id":null,"supplier_sku":"","barcode":null,"atum_controlled":true,"out_stock_date":null,"out_stock_threshold":null,"inheritable":false,"inbound_stock":null,"stock_on_hold":0,"sold_today":0,"sales_last_days":0,"reserved_stock":null,"customer_returns":null,"warehouse_damage":null,"lost_in_post":null,"other_logs":null,"out_stock_days":0,"lost_sales":0,"has_location":null,"update_date":"2026-04-14T10:47:40","atum_locations":[],"atum_stock_status":"instock","restock_status":false,"low_stock_amount":"","sales_update_date":"2026-04-14T10:47:40","calc_backorders":null,"jetpack_sharing_enabled":true,"brands":[{"id":767,"name":"Lansinoh","slug":"lansinoh"}],"_links":{"self":[{"href":"https:\/\/bebebio.ma\/index.php\/wp-json\/wp\/v2\/product\/8030","targetHints":{"allow":["GET"]}}],"collection":[{"href":"https:\/\/bebebio.ma\/index.php\/wp-json\/wp\/v2\/product"}],"about":[{"href":"https:\/\/bebebio.ma\/index.php\/wp-json\/wp\/v2\/types\/product"}],"replies":[{"embeddable":true,"href":"https:\/\/bebebio.ma\/index.php\/wp-json\/wp\/v2\/comments?post=8030"}],"wp:featuredmedia":[{"embeddable":true,"href":"https:\/\/bebebio.ma\/index.php\/wp-json\/wp\/v2\/media\/8136"}],"wp:attachment":[{"href":"https:\/\/bebebio.ma\/index.php\/wp-json\/wp\/v2\/media?parent=8030"}],"wp:term":[{"taxonomy":"pwb-brand","embeddable":true,"href":"https:\/\/bebebio.ma\/index.php\/wp-json\/wp\/v2\/pwb-brand?post=8030"},{"taxonomy":"product_brand","embeddable":true,"href":"https:\/\/bebebio.ma\/index.php\/wp-json\/wp\/v2\/product_brand?post=8030"},{"taxonomy":"product_cat","embeddable":true,"href":"https:\/\/bebebio.ma\/index.php\/wp-json\/wp\/v2\/product_cat?post=8030"},{"taxonomy":"product_tag","embeddable":true,"href":"https:\/\/bebebio.ma\/index.php\/wp-json\/wp\/v2\/product_tag?post=8030"}],"curies":[{"name":"wp","href":"https:\/\/api.w.org\/{rel}","templated":true}]}}