{"id":7711,"date":"2024-01-14T22:49:54","date_gmt":"2024-01-14T21:49:54","guid":{"rendered":"https:\/\/bebebio.ma\/?post_type=product&#038;p=7711"},"modified":"2024-01-14T22:51:18","modified_gmt":"2024-01-14T21:51:18","slug":"babybio-brasse-brebis-prune-4-gourdes-6m","status":"publish","type":"product","link":"https:\/\/bebebio.ma\/index.php\/product\/babybio-brasse-brebis-prune-4-gourdes-6m\/","title":{"rendered":"Babybio Brass\u00e9 Brebis Prune 4 Gourdes 6m+"},"content":{"rendered":"<p style=\"text-align: center\"><strong><a href=\"https:\/\/bebemaman.ma\/marque\/babybio\/\" target=\"_blank\" rel=\"noopener\">Babybio<\/a> Brass\u00e9 Brebis Prune 4 Gourdes 6m+<\/strong><\/p>\n<div id=\"content\" class=\"tab-content\" role=\"tablist\">\n<div id=\"pane_description\" class=\"card tab-pane fade show active\" role=\"tabpanel\" aria-labelledby=\"tab_description\">\n<div id=\"collapse_description\" class=\"multi-collapse collapse show\">\n<div class=\"card-body\">\n<div id=\"content\" class=\"tab-content\" role=\"tablist\">\n<div id=\"pane_description\" class=\"card tab-pane fade show active\" role=\"tabpanel\" aria-labelledby=\"tab_description\">\n<div id=\"collapse_description\" class=\"multi-collapse collapse show\">\n<div class=\"card-body\">\n<div id=\"content\" class=\"tab-content\" role=\"tablist\">\n<div id=\"pane_description\" class=\"card tab-pane fade show active\" role=\"tabpanel\" aria-labelledby=\"tab_description\">\n<div id=\"collapse_description\" class=\"multi-collapse collapse show\">\n<div class=\"card-body\">\n<div class=\"gds-text ProductDescriptionGeneral_gwz-product-information-general__description__qL7eY\">\n<p>Babybio Brass\u00e9 Brebis Prune 4 Gourdes 6m+ vont permettre de faire d\u00e9couvrir \u00e0 B\u00e9b\u00e9 de nouvelles saveurs.<\/p>\n<p>Brass\u00e9 Brebis Prune d&#8217;Aquitaine : Ni prune ni deux&#8230; Quoi de mieux qu&#8217;un brass\u00e9 revisit\u00e9 avec du bon lait de brebis d&#8217;Occitanie ? Son onctuosit\u00e9 coupl\u00e9e \u00e0 la petite note sucr\u00e9e de la prune d&#8217;Aquitaine, b\u00e9b\u00e9 va adorer !<\/p>\n<p>D\u00e8s 6 mois.<\/p>\n<\/div>\n<div class=\"gds-text ProductDescriptionGeneral_gwz-product-information-general__description__qL7eY\">\n<p><strong>Babybio<\/strong>, sp\u00e9cialiste de l&#8217;<strong>alimentation b\u00e9b\u00e9 biologique<\/strong>, a confectionn\u00e9 pour vos petits une gamme de\u00a0<strong>brass\u00e9s en gourd<\/strong>e sains et \u00e9quilibr\u00e9s.<\/p>\n<div id=\"product-description-short-44414\" class=\"product-description\">\n<p>Quoi de mieux qu&#8217;un brass\u00e9 revisit\u00e9 avec du bon lait de brebis d&#8217;Occitanie ? Son onctuosit\u00e9 coupl\u00e9e \u00e0 la petite note sucr\u00e9e de la prune d&#8217;Aquitaine, b\u00e9b\u00e9 va adorer !<\/p>\n<\/div>\n<\/div>\n<\/div>\n<\/div>\n<\/div>\n<\/div>\n<\/div>\n<\/div>\n<\/div>\n<\/div>\n<\/div>\n<\/div>\n<\/div>\n<\/div>\n<p><strong>Utilisation :<\/strong><\/p>\n<p>Vous pouvez donner le brass\u00e9 \u00e0 la gourde si b\u00e9b\u00e9 est pr\u00eat. Tant que b\u00e9b\u00e9 ne sait pas manger seul, versez le dessert dans une cuill\u00e8re ou dans un bol. Ne pas ajouter de sucre.<\/p>\n<ul>\n<li>Se conserve \u00e0 temp\u00e9rature ambiante avant ouverture<\/li>\n<li>A consommer imm\u00e9diatement apr\u00e8s ouverture. Ne pas conserver de reste.<\/li>\n<li>Conditionn\u00e9 sous atmosph\u00e8re protectrice<\/li>\n<li>Ne pas laisser les enfants de moins de 3 ans jouer avec le bouchon<\/li>\n<\/ul>\n<p><strong>Ingr\u00e9dients :<\/strong><\/p>\n<p>Dessert lact\u00e9 bio &#8211; Aliment pour b\u00e9b\u00e9s<\/p>\n<p><strong>Lait<\/strong>\u00a0ferment\u00e9 de brebis d&#8217;Occitanie* 52%, pur\u00e9e de prunes de France* 40% (prunes*, eau), f\u00e9cule de manioc*, \u00e9paississant : pectine de fruits, jus concentr\u00e9 de citron d&#8217;Espagne*.<\/p>\n<p class=\"allergens\">Contient : lait.<\/p>\n","protected":false},"excerpt":{"rendered":"<p>Quoi de mieux qu&#8217;un brass\u00e9 revisit\u00e9 avec du bon lait de brebis d&#8217;Occitanie ? Son onctuosit\u00e9 coupl\u00e9e \u00e0 la petite note sucr\u00e9e de la prune de France, b\u00e9b\u00e9 va adorer !<\/p>\n<div>Son format gourde est id\u00e9al pour l&#8217;emporter partout avec vous !<\/div>\n","protected":false},"featured_media":7774,"comment_status":"open","ping_status":"closed","template":"","meta":[],"pwb-brand":[63],"product_brand":[],"product_cat":[411,472,439,156],"product_tag":[],"class_list":{"0":"post-7711","1":"product","2":"type-product","3":"status-publish","4":"has-post-thumbnail","6":"pwb-brand-babybio","7":"product_cat-alimentation-bio","8":"product_cat-desserts-lactes-bebe","9":"product_cat-fruits-bebe","10":"product_cat-repas","12":"first","13":"instock","14":"taxable","15":"shipping-taxable","16":"purchasable","17":"product-type-simple"},"supplier_id":null,"supplier_sku":"","barcode":null,"atum_controlled":true,"out_stock_date":null,"out_stock_threshold":null,"inheritable":false,"inbound_stock":null,"stock_on_hold":1,"sold_today":0,"sales_last_days":0,"reserved_stock":null,"customer_returns":null,"warehouse_damage":null,"lost_in_post":null,"other_logs":null,"out_stock_days":0,"lost_sales":0,"has_location":null,"update_date":"2026-04-16T11:45:53","atum_locations":[],"atum_stock_status":"instock","restock_status":false,"low_stock_amount":"","sales_update_date":"2026-04-16T11:45:53","calc_backorders":null,"jetpack_sharing_enabled":true,"brands":[{"id":63,"name":"Babybio","slug":"babybio"}],"_links":{"self":[{"href":"https:\/\/bebebio.ma\/index.php\/wp-json\/wp\/v2\/product\/7711","targetHints":{"allow":["GET"]}}],"collection":[{"href":"https:\/\/bebebio.ma\/index.php\/wp-json\/wp\/v2\/product"}],"about":[{"href":"https:\/\/bebebio.ma\/index.php\/wp-json\/wp\/v2\/types\/product"}],"replies":[{"embeddable":true,"href":"https:\/\/bebebio.ma\/index.php\/wp-json\/wp\/v2\/comments?post=7711"}],"wp:featuredmedia":[{"embeddable":true,"href":"https:\/\/bebebio.ma\/index.php\/wp-json\/wp\/v2\/media\/7774"}],"wp:attachment":[{"href":"https:\/\/bebebio.ma\/index.php\/wp-json\/wp\/v2\/media?parent=7711"}],"wp:term":[{"taxonomy":"pwb-brand","embeddable":true,"href":"https:\/\/bebebio.ma\/index.php\/wp-json\/wp\/v2\/pwb-brand?post=7711"},{"taxonomy":"product_brand","embeddable":true,"href":"https:\/\/bebebio.ma\/index.php\/wp-json\/wp\/v2\/product_brand?post=7711"},{"taxonomy":"product_cat","embeddable":true,"href":"https:\/\/bebebio.ma\/index.php\/wp-json\/wp\/v2\/product_cat?post=7711"},{"taxonomy":"product_tag","embeddable":true,"href":"https:\/\/bebebio.ma\/index.php\/wp-json\/wp\/v2\/product_tag?post=7711"}],"curies":[{"name":"wp","href":"https:\/\/api.w.org\/{rel}","templated":true}]}}