{"id":7633,"date":"2024-01-14T22:48:14","date_gmt":"2024-01-14T21:48:14","guid":{"rendered":"https:\/\/bebebio.ma\/?post_type=product&#038;p=7633"},"modified":"2024-01-14T22:49:15","modified_gmt":"2024-01-14T21:49:15","slug":"good-gout-biscuits-tout-ronds-cacao-10m","status":"publish","type":"product","link":"https:\/\/bebebio.ma\/index.php\/product\/good-gout-biscuits-tout-ronds-cacao-10m\/","title":{"rendered":"Good Go\u00fbt Biscuits Tout Ronds Cacao 10m+"},"content":{"rendered":"<h4 style=\"text-align: center\"><a href=\"https:\/\/bebemaman.ma\/marque\/good-gout-\/\" target=\"_blank\" rel=\"noopener\">Good Go\u00fbt<\/a> Biscuits Tout Ronds Cacao 10m+<\/h4>\n<p>Gr\u00e2ce \u00e0 leur forme d\u2019anneau pour \u00eatre plus faciles \u00e0 attraper, nos Biscuits tout Ronds moins sucr\u00e9s que les biscuits standard pour b\u00e9b\u00e9* sont devenus incontournables pour le go\u00fbter ou le dessert de nos b\u00e9b\u00e9s. Cette nouvelle recette au Cacao bio ravira les papilles de nos petits gourmands en couche-culotte.<\/p>\n<h3 class=\"hgras\">Tout roule avec les Biscuits tout ronds de Good Go\u00fbt !<\/h3>\n<p class=\"hgras\">Les Biscuits tout ronds de Good Go\u00fbt, ce sont de d\u00e9licieux petits biscuits \u00e0 la forme circulaire, adapt\u00e9e \u00e0 la prise en main par nos b\u00e9b\u00e9s. Ce sont surtout des premiers biscuits b\u00e9b\u00e9s \u00e0 consommer sans mod\u00e9ration lorsque les dents poussent, entre 10 et 12 mois g\u00e9n\u00e9ralement ! Et comme chez Good Go\u00fbt, on fait d\u00e9couvrir les saveurs sans habituer votre b\u00e9b\u00e9 au go\u00fbt trop sucr\u00e9, notre recette est 29% moins sucr\u00e9e* que la moyenne des biscuits pour b\u00e9b\u00e9. Le tout 100% bio, bien s\u00fbr ! Le format sachet individuel de 5 biscuits se glissera facilement dans un sac \u00e0 langer ou un sac \u00e0 main ! Tout ronds, tout bons\u2026<\/p>\n<p><strong>Votre b\u00e9b\u00e9 est-il pr\u00eat \u00e0 croquer nos biscuits ?<\/strong><br \/>\nNous vous recommandons de lui donner nos biscuits tout ronds uniquement si : il se tient assis tout seul dans sa chaise haute, il est habitu\u00e9 \u00e0 manger du pain et des plats avec des petits morceaux, et a d\u00e9j\u00e0 deux dents. Il est \u00e9galement imp\u00e9ratif que votre enfant soit assis bien droit et reste sous la surveillance constante d&#8217;un adulte pendant ses repas.<\/p>\n<p><strong>Conseils de conservation :<\/strong><br \/>\nConserver dans un endroit sec et frais \u00e0 l&#8217;abri de la lumi\u00e8re et de la chaleur.<\/p>\n<p><strong>Contient :<\/strong><br \/>\nBl\u00e9 (<strong>gluten<\/strong>). Peut contenir des traces de\u00a0<strong>lait<\/strong>, d&#8217;<strong>\u0153ufs<\/strong>\u00a0et de\u00a0<strong>fruits \u00e0 coque<\/strong>\u00a0(<strong>amandes, noisettes<\/strong>).<br \/>\nCette bo\u00eete contient 4 sachets de 5 biscuits tout ronds au cacao bio.<\/p>\n<p>Bon \u00e0 savoir :<br \/>\nLa forme de nos biscuits tout ronds a \u00e9t\u00e9 savamment \u00e9tudi\u00e9e pour une bonne prise en main par les b\u00e9b\u00e9s. Exercer sa dext\u00e9rit\u00e9 tout en se r\u00e9galant&#8230; ou comment joindre l&#8217;utile \u00e0 l&#8217;agr\u00e9able !<\/p>\n","protected":false},"excerpt":{"rendered":"<p>Good Go\u00fbt Biscuits Tout Ronds Cacao 10m+ Gr\u00e2ce \u00e0 leur forme d\u2019anneau pour \u00eatre plus faciles \u00e0 attraper, nos Biscuits tout Ronds moins sucr\u00e9s que les biscuits standard pour b\u00e9b\u00e9* sont devenus incontournables pour le go\u00fbter ou le dessert de nos b\u00e9b\u00e9s. Cette nouvelle recette au Cacao bio ravira les papilles de nos petits gourmands [&hellip;]<\/p>\n","protected":false},"featured_media":7683,"comment_status":"open","ping_status":"closed","template":"","meta":[],"pwb-brand":[744],"product_brand":[],"product_cat":[411,423,156],"product_tag":[],"class_list":{"0":"post-7633","1":"product","2":"type-product","3":"status-publish","4":"has-post-thumbnail","6":"pwb-brand-good-gout","7":"product_cat-alimentation-bio","8":"product_cat-biscuits-bio","9":"product_cat-repas","11":"first","12":"outofstock","13":"taxable","14":"shipping-taxable","15":"purchasable","16":"product-type-simple"},"supplier_id":null,"supplier_sku":"","barcode":null,"atum_controlled":true,"out_stock_date":null,"out_stock_threshold":null,"inheritable":false,"inbound_stock":null,"stock_on_hold":0,"sold_today":0,"sales_last_days":0,"reserved_stock":null,"customer_returns":null,"warehouse_damage":null,"lost_in_post":null,"other_logs":null,"out_stock_days":0,"lost_sales":0,"has_location":null,"update_date":"2026-04-16T11:45:52","atum_locations":[],"atum_stock_status":"outofstock","restock_status":false,"low_stock_amount":"","sales_update_date":"2026-04-16T11:45:52","calc_backorders":null,"jetpack_sharing_enabled":true,"brands":[{"id":744,"name":"Good Go\u00fbt","slug":"good-gout"}],"_links":{"self":[{"href":"https:\/\/bebebio.ma\/index.php\/wp-json\/wp\/v2\/product\/7633","targetHints":{"allow":["GET"]}}],"collection":[{"href":"https:\/\/bebebio.ma\/index.php\/wp-json\/wp\/v2\/product"}],"about":[{"href":"https:\/\/bebebio.ma\/index.php\/wp-json\/wp\/v2\/types\/product"}],"replies":[{"embeddable":true,"href":"https:\/\/bebebio.ma\/index.php\/wp-json\/wp\/v2\/comments?post=7633"}],"wp:featuredmedia":[{"embeddable":true,"href":"https:\/\/bebebio.ma\/index.php\/wp-json\/wp\/v2\/media\/7683"}],"wp:attachment":[{"href":"https:\/\/bebebio.ma\/index.php\/wp-json\/wp\/v2\/media?parent=7633"}],"wp:term":[{"taxonomy":"pwb-brand","embeddable":true,"href":"https:\/\/bebebio.ma\/index.php\/wp-json\/wp\/v2\/pwb-brand?post=7633"},{"taxonomy":"product_brand","embeddable":true,"href":"https:\/\/bebebio.ma\/index.php\/wp-json\/wp\/v2\/product_brand?post=7633"},{"taxonomy":"product_cat","embeddable":true,"href":"https:\/\/bebebio.ma\/index.php\/wp-json\/wp\/v2\/product_cat?post=7633"},{"taxonomy":"product_tag","embeddable":true,"href":"https:\/\/bebebio.ma\/index.php\/wp-json\/wp\/v2\/product_tag?post=7633"}],"curies":[{"name":"wp","href":"https:\/\/api.w.org\/{rel}","templated":true}]}}